{"id":86,"date":"2021-02-15T17:51:27","date_gmt":"2021-02-15T17:51:27","guid":{"rendered":"https:\/\/decolonizinginvienna.at\/?page_id=86"},"modified":"2022-11-26T08:57:26","modified_gmt":"2022-11-26T08:57:26","slug":"board","status":"publish","type":"page","link":"https:\/\/decolonizinginvienna.at\/?page_id=86","title":{"rendered":"Board"},"content":{"rendered":"\n<div class=\"wp-block-columns\">\n<div class=\"wp-block-column\" style=\"flex-basis:33.33%\">\n<figure class=\"wp-block-image size-large\"><img loading=\"lazy\" width=\"1024\" height=\"683\" src=\"https:\/\/decolonizinginvienna.at\/wp-content\/uploads\/2021\/03\/Carla-Bobadilla-1024x683.jpg\" alt=\"\" class=\"wp-image-179\" srcset=\"https:\/\/decolonizinginvienna.at\/wp-content\/uploads\/2021\/03\/Carla-Bobadilla-1024x683.jpg 1024w, https:\/\/decolonizinginvienna.at\/wp-content\/uploads\/2021\/03\/Carla-Bobadilla-300x200.jpg 300w, https:\/\/decolonizinginvienna.at\/wp-content\/uploads\/2021\/03\/Carla-Bobadilla-768x512.jpg 768w, https:\/\/decolonizinginvienna.at\/wp-content\/uploads\/2021\/03\/Carla-Bobadilla.jpg 1200w\" sizes=\"(max-width: 1024px) 100vw, 1024px\" \/><\/figure>\n<\/div>\n\n\n\n<div class=\"wp-block-column\" style=\"flex-basis:66.66%\">\n<p><strong>Carla Bobadilla<\/strong> ist eine forschende K\u00fcnstlerin. Ihre Arbeit konzentriert sich auf die Entwicklung von Kommunikations- und Vermittlungspraktiken, insbesondere in den Bereichen der postkolonialen Kritik und der Critical Race Theory. Als Senior Lecturer an der Akademie der bildenden K\u00fcnste in Wien lehrt sie, wie man Formate entwickelt, die eine Verhandlung von Fragen zum kulturellen Erbe innerhalb eines postkolonialen Kontextes unter Verwendung dekolonisierender Methodologien erm\u00f6glichen. www.carlabobadilla.at&nbsp;<\/p>\n<\/div>\n<\/div>\n\n\n\n<div class=\"wp-block-columns\">\n<div class=\"wp-block-column\" style=\"flex-basis:33.33%\">\n<figure class=\"wp-block-image size-large\"><img loading=\"lazy\" width=\"800\" height=\"800\" src=\"https:\/\/decolonizinginvienna.at\/wp-content\/uploads\/2021\/03\/1609526002817.jpg\" alt=\"\" class=\"wp-image-180\" srcset=\"https:\/\/decolonizinginvienna.at\/wp-content\/uploads\/2021\/03\/1609526002817.jpg 800w, https:\/\/decolonizinginvienna.at\/wp-content\/uploads\/2021\/03\/1609526002817-300x300.jpg 300w, https:\/\/decolonizinginvienna.at\/wp-content\/uploads\/2021\/03\/1609526002817-150x150.jpg 150w, https:\/\/decolonizinginvienna.at\/wp-content\/uploads\/2021\/03\/1609526002817-768x768.jpg 768w\" sizes=\"(max-width: 800px) 100vw, 800px\" \/><\/figure>\n<\/div>\n\n\n\n<div class=\"wp-block-column\" style=\"flex-basis:66.66%\">\n<p><strong>Petz Haselmayer<\/strong> ist K\u00fcnstler*in (Walter Xenia Ego), Lehrer*in und Forscher*in und verbindet die jeweiligen T\u00e4tigkeitsfelder transdisziplin\u00e4r in unterschiedlichen Praxen.\u00a0They forscht zu \u00f6sterreichischer Kolonialgeschichte im Stadtraum Wiens und Kritischem\u00a0<em>Wei\u00df<\/em>sein, sowie der Verwobenheit von Rassismus, Klasse und Gender. They entwickelte den performativen Stadtspaziergang\u00a0<em>Hietzing kolonial: Deconstructing\u00a0<\/em>white\u00a0<em>Innocence<\/em>\u00a0und arbeitete in dem Projektzyklus\u00a0<em>Re-Making H\u00fcgel<\/em>\u00a0mit mehreren K\u00fcnstler*innen, Aktivist*innen, Sch\u00fcler*innen und Studierenden zu der Person und dem Denkmal von Karl Alexander H\u00fcgel. Aktuell arbeitet they an their Dissertation an der Akademie der Bildenden K\u00fcnste Wien zu\u00a0<em>wei\u00dfer<\/em>, m\u00e4nnlicher und anthropozentrischer \u00dcberlegenheit anhand kultureller Repr\u00e4sentationen in Wien und entwickelt daf\u00fcr performative Methoden des Verlernens als zukunftsgenerierende Praktiken kulturellen Erbes.\u00a0Letzte Publikationen waren unter anderem\u00a0<em>Re-Making H\u00fcgel: Versuche dekolonialer Praxen in Kunst, Bildung und kollektivem Ged\u00e4chtnis<\/em>, und\u00a0<em>Koloniale Kontinuit\u00e4ten im Stadtbild Wiens: Erinnerungspolitische Anst\u00f6\u00dfe zu wei\u00dfer* \u00dcberlegenheit am Beispiel von Stra\u00dfennamen und Denkm\u00e4lern.<\/em> www.remakinghugel.wordpress.com www.walterego.at<\/p>\n<\/div>\n<\/div>\n\n\n\n<div class=\"wp-block-columns\">\n<div class=\"wp-block-column\" style=\"flex-basis:33.33%\">\n<figure class=\"wp-block-image size-large\"><img loading=\"lazy\" width=\"495\" height=\"675\" src=\"https:\/\/decolonizinginvienna.at\/wp-content\/uploads\/2021\/03\/Marietta-Mayrhofer-Deak.jpg\" alt=\"\" class=\"wp-image-181\" srcset=\"https:\/\/decolonizinginvienna.at\/wp-content\/uploads\/2021\/03\/Marietta-Mayrhofer-Deak.jpg 495w, https:\/\/decolonizinginvienna.at\/wp-content\/uploads\/2021\/03\/Marietta-Mayrhofer-Deak-220x300.jpg 220w\" sizes=\"(max-width: 495px) 100vw, 495px\" \/><\/figure>\n<\/div>\n\n\n\n<div class=\"wp-block-column\" style=\"flex-basis:66.66%\">\n<p><strong>Marietta Mayrhofer-Deak<\/strong>&nbsp;ist promovierte Soziologin, Schwerpunkte in Forschung und Lehre: soziologische Theorien, Geschichte der Soziologie, Perspektiven aus dem globalen S\u00fcden, post-, dekoloniale und feministische Ans\u00e4tze. In ihrer Dissertation besch\u00e4ftigte sie sich u.a. mit der Einbindung post- und dekolonialer Theorie in die soziologische Theoriebildung und arbeitete empirisch in Burkina Faso. Ihr Forschungszugang ist transdisziplin\u00e4r, ihre Forschungsinteressen an ihrem Studienhintergrund orientiert (Soziologie, Internationale Entwicklung, Romanistik, Rechtswissenschaften). Sie lehrt am Institut f\u00fcr Soziologie der Universit\u00e4t Wien und ist Mitglied der \u00d6sterreichischen Gesellschaft f\u00fcr Soziologie.<\/p>\n<\/div>\n<\/div>\n\n\n\n<div class=\"wp-block-columns\">\n<div class=\"wp-block-column\" style=\"flex-basis:33.33%\"><\/div>\n\n\n\n<div class=\"wp-block-column\" style=\"flex-basis:66.66%\">\n<p><strong>Gregor Seidl<\/strong> studierte Politikwissenschaft, Lateinamerikanistik und Internationale Entwicklung an der Universit\u00e4t Wien. Er lehrt am Institut f\u00fcr Politikwissenschaften und am Institut f\u00fcr Internationale Entwicklung und ist Mitglied der Redaktion des Journals f\u00fcr Entwicklungspolitik (JEP).<\/p>\n<\/div>\n<\/div>\n\n\n\n<div class=\"wp-block-columns\">\n<div class=\"wp-block-column\" style=\"flex-basis:33.33%\">\n<figure class=\"wp-block-image size-large\"><img loading=\"lazy\" width=\"275\" height=\"317\" src=\"https:\/\/decolonizinginvienna.at\/wp-content\/uploads\/2021\/03\/Marcela-Torres-Heredia.jpg\" alt=\"\" class=\"wp-image-182\" srcset=\"https:\/\/decolonizinginvienna.at\/wp-content\/uploads\/2021\/03\/Marcela-Torres-Heredia.jpg 275w, https:\/\/decolonizinginvienna.at\/wp-content\/uploads\/2021\/03\/Marcela-Torres-Heredia-260x300.jpg 260w\" sizes=\"(max-width: 275px) 100vw, 275px\" \/><\/figure>\n<\/div>\n\n\n\n<div class=\"wp-block-column\" style=\"flex-basis:66.66%\">\n<p><strong>Marcela Torres Heredia<\/strong> ist Forschungs- und Lehrbeauftragte am Institut f\u00fcr Internationale Entwicklung und Teil des Forschungsprojekts <em>The Socio-Ecological Crisis Up Close: Conflicts, Experiences and Alternatives in the Andean-Amazon Region<\/em>. Ihre letzten Publikationen waren als Co-Editor das<em> JEP 2020-2 and 3 &#8211; Europa verr\u00fccken&nbsp;\u2013&nbsp;K\u00e4mpfe zwischen Kolonialit\u00e4t und Dekolonialisierung <\/em>gemeinsam mit Johannes Korak, Franziska Kuche und Gregor Seidl, ein Review zu Silvia Rivera Cusicanquis\u00b4<em>&nbsp;Ch\u2019ixinakax utxiwa. Eine Reflexion \u00fcber Praktiken und Diskurse der Dekolonisierung<\/em>, sowie <em>Chronik der Verflechtungen: Auseinandersetzungen um symbolische R\u00e4ume<\/em>.<\/p>\n<\/div>\n<\/div>\n\n\n\n<p>Die Anf\u00e4nge von &#8220;Decolonizing in Vienna&#8221; sind auf unserem Blog nachzulesen: <a href=\"wien: postkolonial blog\" data-type=\"URL\" data-id=\"wien: postkolonial blog\">w<\/a><a href=\"https:\/\/viepostcol.hypotheses.org\/uber\" data-type=\"URL\">ien: postkolonial blog<\/a><\/p>\n","protected":false},"excerpt":{"rendered":"<p>Carla Bobadilla ist eine forschende K\u00fcnstlerin. Ihre Arbeit konzentriert sich auf die Entwicklung von Kommunikations- und Vermittlungspraktiken, insbesondere in den Bereichen der postkolonialen Kritik und der Critical Race Theory. Als Senior Lecturer an der Akademie der bildenden K\u00fcnste in Wien lehrt sie, wie man Formate entwickelt, die eine Verhandlung von Fragen zum kulturellen Erbe innerhalb&hellip; <a class=\"more-link\" href=\"https:\/\/decolonizinginvienna.at\/?page_id=86\"><span class=\"screen-reader-text\">Board<\/span> weiterlesen<\/a><\/p>\n","protected":false},"author":1,"featured_media":0,"parent":0,"menu_order":0,"comment_status":"closed","ping_status":"closed","template":"","meta":[],"_links":{"self":[{"href":"https:\/\/decolonizinginvienna.at\/index.php?rest_route=\/wp\/v2\/pages\/86"}],"collection":[{"href":"https:\/\/decolonizinginvienna.at\/index.php?rest_route=\/wp\/v2\/pages"}],"about":[{"href":"https:\/\/decolonizinginvienna.at\/index.php?rest_route=\/wp\/v2\/types\/page"}],"author":[{"embeddable":true,"href":"https:\/\/decolonizinginvienna.at\/index.php?rest_route=\/wp\/v2\/users\/1"}],"replies":[{"embeddable":true,"href":"https:\/\/decolonizinginvienna.at\/index.php?rest_route=%2Fwp%2Fv2%2Fcomments&post=86"}],"version-history":[{"count":15,"href":"https:\/\/decolonizinginvienna.at\/index.php?rest_route=\/wp\/v2\/pages\/86\/revisions"}],"predecessor-version":[{"id":237,"href":"https:\/\/decolonizinginvienna.at\/index.php?rest_route=\/wp\/v2\/pages\/86\/revisions\/237"}],"wp:attachment":[{"href":"https:\/\/decolonizinginvienna.at\/index.php?rest_route=%2Fwp%2Fv2%2Fmedia&parent=86"}],"curies":[{"name":"wp","href":"https:\/\/api.w.org\/{rel}","templated":true}]}}